{"id":63,"date":"2020-12-11T05:40:33","date_gmt":"2020-12-11T05:40:33","guid":{"rendered":"http:\/\/gis.tuzvo.sk\/medvede\/?page_id=63"},"modified":"2024-01-24T10:58:41","modified_gmt":"2024-01-24T09:58:41","slug":"2012-2","status":"publish","type":"page","link":"https:\/\/gis.tuzvo.sk\/medvede\/?page_id=63","title":{"rendered":"2012"},"content":{"rendered":"<p>(1)  <a href=\"http:\/\/www.topky.sk\/cl\/10\/1322382\/\" target=\"_blank\" rel=\"noopener\"> Bratislava v panike: V lesoch pri hlavnom meste stra\u0161\u00ed 250-kilov\u00fd medve\u010f!<\/a> (2012).<\/p>\n<p>(2)  <a href=\"http:\/\/www.topky.sk\/cl\/10\/1322774\/\" target=\"_blank\" rel=\"noopener\"> Bratislavsk\u00e9mu macovi hroz\u00ed odstrel: Obyvatelia s\u00fa proti<\/a> (2012).<\/p>\n<p>(3)  <a href=\"http:\/\/www.topky.sk\/cl\/10\/1322440\/\" target=\"_blank\" rel=\"noopener\"> Bratislavsk\u00fd medve\u010f op\u00e4\u0165 na sc\u00e9ne: Pristihli ho, ako si pochutn\u00e1va na hrozne!<\/a> (2012).<\/p>\n<p>(4)  <a href=\"http:\/\/www.topky.sk\/cl\/10\/1321912\/\" target=\"_blank\" rel=\"noopener\"> \u010cechov na t\u00fare v Slovenskom raji vy\u013eakal medve\u010f, na pomoc pri\u0161la pol\u00edcia a z\u00e1chran\u00e1ri!<\/a> (2012).<\/p>\n<p>(5)  <a href=\"http:\/\/www.topky.sk\/cl\/10\/1314017\/\" target=\"_blank\" rel=\"noopener\"> \u010eal\u0161\u00ed medve\u010f \u00fato\u010d\u00ed: V Ko\u0161iciach na s\u00eddlisku vystra\u0161il obyvate\u013eov!<\/a> (2012).<\/p>\n<p>(6)  <a href=\"https:\/\/bystrica.dnes24.sk\/darina-56-o-utoku-medvedice-lahla-som-na-zem-a-hrala-mrtvu-144960\" target=\"_blank\" rel=\"noopener\"> Darina (56) o \u00fatoku medvedice: \u013dahla som na zem a hrala m\u0155tvu<\/a> (2012).<\/p>\n<p>(7)  <a href=\"https:\/\/www.dnes24.sk\/dvestokilovy-medved-si-spravil-vylet-do-lesa-pri-svatom-jure-141712\" target=\"_blank\" rel=\"noopener\"> Dvestokilov\u00fd medve\u010f si spravil v\u00fdlet do lesa pri Sv\u00e4tom Jure<\/a> (2012).<\/p>\n<p>(8)  <a href=\"http:\/\/www.topky.sk\/cl\/10\/1318266\/\" target=\"_blank\" rel=\"noopener\"> Gelni\u010danov ohrozuje hladn\u00fd medve\u010f: Zab\u00edjal na sala\u0161i!<\/a> (2012).<\/p>\n<p>(9)  <a href=\"http:\/\/www.topky.sk\/cl\/10\/1314826\/\" target=\"_blank\" rel=\"noopener\"> Kuri\u00f3zny pr\u00edpad z Tatier: Medve\u010f vysko\u010dil na Petra priamo z kontajnera!<\/a> (2012).<\/p>\n<p>(10)  <a href=\"https:\/\/www.noviny.sk\/slovensko\/103063-liptakov-strasi-medved-nici-zahrady-a-ohrozuje-aj-ludi-na-sidlisku\" target=\"_blank\" rel=\"noopener\"> Lipt\u00e1kov stra\u0161\u00ed medve\u010f! Ni\u010d\u00ed z\u00e1hrady a ohrozuje aj \u013eud\u00ed na s\u00eddlisku<\/a> (2012).<\/p>\n<p>(11)  <a href=\"http:\/\/www.webnoviny.sk\/slovensko\/clanok\/549107-medved-napadne-cloveka-len-vo-velmi-vynimocnych-pripadoch\/\" target=\"_blank\" rel=\"noopener\"> Medve\u010f napadne \u010dloveka len vo ve\u013emi v\u00fdnimo\u010dn\u00fdch pr\u00edpadoch<\/a> (2012).<\/p>\n<p>(12)  <a href=\"https:\/\/www.aktuality.sk\/clanok\/215103\/medved-napadne-cloveka-len-vynimocne\/\" target=\"_blank\" rel=\"noopener\"> Medve\u010f napadne \u010dloveka len v\u00fdnimo\u010dne<\/a> (2012).<\/p>\n<p>(13)  <a href=\"https:\/\/www.ta3.com\/clanok\/20595\/medved-napadol-lesnu-robotnicku\" target=\"_blank\" rel=\"noopener\"> Medve\u010f napadol lesn\u00fa robotn\u00ed\u010dku<\/a> (2012).<\/p>\n<p>(14)  <a href=\"https:\/\/www.noviny.sk\/slovensko\/106986-medved-nedaleko-bratislavy-odbornici-krutia-hlavami\" target=\"_blank\" rel=\"noopener\"> Medve\u010f ne\u010faleko Bratislavy. Odborn\u00edci kr\u00fatia hlavami<\/a> (2012).<\/p>\n<p>(15)  <a href=\"http:\/\/www.topky.sk\/cl\/10\/1325238\/\" target=\"_blank\" rel=\"noopener\"> Medve\u010f u\u017e aj na dia\u013enici: Pobehoval po D2, kami\u00f3n ho rozmetal po ceste!<\/a> (2012).<\/p>\n<p>(16)  <a href=\"https:\/\/www.noviny.sk\/zaujimavosti\/160011-medved-v-akcii-prehrabaval-sa-v-kontajneri\" target=\"_blank\" rel=\"noopener\"> Medve\u010f v akcii. Prehrab\u00e1val sa v kontajneri medzi f\u013ea\u0161ami<\/a> (2012).<\/p>\n<p>(17)  <a href=\"https:\/\/www.noviny.sk\/slovensko\/103625-medved-v-tatrach-vystrasil-deti-nahanali-ho-hasici\" target=\"_blank\" rel=\"noopener\"> Medve\u010f v Tatr\u00e1ch vystra\u0161il deti, nah\u00e1\u0148ali ho hasi\u010di<\/a> (2012).<\/p>\n<p>(18)  <a href=\"http:\/\/www.topky.sk\/cl\/10\/1314380\/\" target=\"_blank\" rel=\"noopener\"> Medve\u010f vystra\u0161il pre\u0161ovsk\u00e9ho prim\u00e1tora: Pobehoval po s\u00eddlisku!<\/a> (2012).<\/p>\n<p>(19)  <a href=\"http:\/\/www.topky.sk\/cl\/11\/1325299\/\" target=\"_blank\" rel=\"noopener\"> Medve\u010fa na D2 vraj kami\u00f3n nezabil: Videli ho na Morave!<\/a> (2012).<\/p>\n<p>(20)  <a href=\"https:\/\/spis.korzar.sme.sk\/c\/6460836\/medveda-v-tatrach-zastrelili-nedaleko-deti.html\" target=\"_blank\" rel=\"noopener\"> Medve\u010fa v Tatr\u00e1ch zastrelili ne\u010faleko det\u00ed<\/a> (2012).<\/p>\n<p>(21)  <a href=\"http:\/\/www.topky.sk\/cl\/10\/1328613\/\" target=\"_blank\" rel=\"noopener\"> Medvede op\u00e4\u0165 \u00fato\u010dia: Darinu obk\u013e\u00fa\u010dili v lese, jeden sa jej zahryzol do nohy!<\/a> (2012).<\/p>\n<p>(22)  <a href=\"http:\/\/www.topky.sk\/cl\/10\/1314078\/\" target=\"_blank\" rel=\"noopener\"> Medvede pri Ru\u017eomberku za\u010dali chodi\u0165 k obydliam priskoro<\/a> (2012).<\/p>\n<p>(23)  <a href=\"https:\/\/www.aktuality.sk\/clanok\/207604\/infografika-medvede-sa-stahuju-do-miest-vazny-problem\/\" target=\"_blank\" rel=\"noopener\"> Medvede sa s\u0165ahuj\u00fa do miest! V\u00e1\u017eny probl\u00e9m!<\/a> (2012).<\/p>\n<p>(24)  <a href=\"http:\/\/www.webnoviny.sk\/slovensko\/clanok\/510312-medvede-zacali-ohrozovat-ludi-priskoro-radio-im-neprekaza\/\" target=\"_blank\" rel=\"noopener\"> Medvede za\u010dali ohrozova\u0165 \u013eud\u00ed priskoro, r\u00e1dio im neprek\u00e1\u017ea<\/a> (2012).<\/p>\n<p>(25)  <a href=\"http:\/\/www.webnoviny.sk\/slovensko\/clanok\/506786-medvedica-napadla-nedaleko-brezna-muza-operovali-ho\/\" target=\"_blank\" rel=\"noopener\"> Medvedica napadla ne\u010faleko Brezna mu\u017ea, operovali ho<\/a> (2012).<\/p>\n<p>(26)  <a href=\"https:\/\/www.bystricoviny.sk\/spravy\/medvedica-napadla-zenu-v-hrochotskej-doline\/\" target=\"_blank\" rel=\"noopener\"> Medvedica napadla \u017eenu v Hrochotskej doline<\/a> (2012).<\/p>\n<p>(27)  <a href=\"https:\/\/www.aktuality.sk\/clanok\/208325\/mzp-vydalo-povolenie-na-usmrtenie-problematickeho-medveda\/\" target=\"_blank\" rel=\"noopener\"> M\u017dP vydalo povolenie na usmrtenie problematick\u00e9ho medve\u010fa<\/a> (2012).<\/p>\n<p>(28)  <a href=\"https:\/\/www.echoviny.sk\/spravy\/na-muransku-planinu-sa-zatulala-medvedica-zrejme-z-polska\/\" target=\"_blank\" rel=\"noopener\"> Na Mur\u00e1nsku planinu sa zat\u00falala medvedica. Zrejme z Po\u013eska<\/a> (2012).<\/p>\n<p>(29)  <a href=\"http:\/\/www.topky.sk\/cl\/10\/1314212\/\" target=\"_blank\" rel=\"noopener\"> Nah\u00e1\u0148a n\u00e1s medvedica, pom\u00f4\u017ete: Kri\u010dali opilci, na\u0161li ich v kr\u010dme!<\/a> (2012).<\/p>\n<p>(30)  <a href=\"http:\/\/www.webnoviny.sk\/slovensko\/clanok\/580158-obyvatelov-oresian-strasi-medved\/\" target=\"_blank\" rel=\"noopener\"> Obyvate\u013eov Ore\u0161ian stra\u0161\u00ed medve\u010f<\/a> (2012).<\/p>\n<p>(31)  <a href=\"https:\/\/www.noviny.sk\/krimi\/104431-opilcov-vraj-nahanal-medved-nasli-ich-v-krcme\" target=\"_blank\" rel=\"noopener\"> Opilcov vraj nah\u00e1\u0148al medve\u010f. Na\u0161li ich v kr\u010dme<\/a> (2012).<\/p>\n<p>(32)  <a href=\"https:\/\/ruzomberok.dnes24.sk\/otvoreny-list-kolko-medvedov-ma-zit-v-okrese-140027\" target=\"_blank\" rel=\"noopener\"> OTVOREN\u00dd LIST: Ko\u013eko medve\u010fov m\u00e1 \u017ei\u0165 v okrese?<\/a> (2012).<\/p>\n<p>(33)  <a href=\"http:\/\/www.topky.sk\/cl\/10\/1319842\/\" target=\"_blank\" rel=\"noopener\"> Panika v Ilave: Medve\u010f v meste, obyvate\u013eov varuj\u00fa rozhlasom!<\/a> (2012).<\/p>\n<p>(34)  <a href=\"https:\/\/www.dnes24.sk\/po-tatrach-behaju-medvede-deti-sa-ukryli-v-skole-134562\" target=\"_blank\" rel=\"noopener\"> Po Tatr\u00e1ch behaj\u00fa medvede, deti sa ukryli v \u0161kole<\/a> (2012).<\/p>\n<p>(35)  <a href=\"http:\/\/www.webnoviny.sk\/slovensko\/clanok\/501826-po-tatrach-behaju-medvede-deti-sa-ukryli-v-skole\/\" target=\"_blank\" rel=\"noopener\"> Po Tatr\u00e1ch behaj\u00fa medvede, deti sa ukryli v \u0161kole<\/a> (2012).<\/p>\n<p>(36)  <a href=\"https:\/\/zenskyweb.sk\/prezil-40-stretnuti-s-medvedom-ako-sa-zachranit\" target=\"_blank\" rel=\"noopener\"> Pre\u017eil 40 stretnut\u00ed s medve\u010fom! Ako sa zachr\u00e1ni\u0165?<\/a> (2012).<\/p>\n<p>(37)  <a href=\"https:\/\/www1.pluska.sk\/regiony\/stredne-slovensko\/pri-murani-tula-medvedica-tesnym-obojkom-rocnym-mladatkom\" target=\"_blank\" rel=\"noopener\"> Pri Mur\u00e1ni sa t\u00fala medvedica s tesn\u00fdm obojkom a ro\u010dn\u00fdm ml\u00e1\u010fatkom<\/a> (2012).<\/p>\n<p>(38)  <a href=\"http:\/\/www.topky.sk\/cl\/11\/1315430\/\" target=\"_blank\" rel=\"noopener\"> Pri slovensk\u00fdch hraniciach napadla po\u013esk\u00e9ho hub\u00e1ra medvedica<\/a> (2012).<\/p>\n<p>(39)  <a href=\"https:\/\/www.wolf.sk\/sk\/pripady_konfliktov_zvierata_2012\" target=\"_blank\" rel=\"noopener\"> Pr\u00edpady konfliktov &#8211; divo\u017eij\u00face zvierat\u00e1 &#8211; rok 2012<\/a> (2012).<\/p>\n<p>(40)  <a href=\"http:\/\/www.topky.sk\/cl\/10\/1313539\/\" target=\"_blank\" rel=\"noopener\"> Probl\u00e9mov\u00fd medve\u010f m\u00e1 dni zr\u00e1tan\u00e9: M\u017dP vydalo povolenie na usmrtenie<\/a> (2012).<\/p>\n<p>(41)  <a href=\"http:\/\/www.webnoviny.sk\/slovensko\/clanok\/559707-proti-hladnym-medvedom-v-tatrach-nasadili-specialne-spreje\/\" target=\"_blank\" rel=\"noopener\"> Proti hladn\u00fdm medve\u010fom v Tatr\u00e1ch nasadili \u0161peci\u00e1lne spreje<\/a> (2012).<\/p>\n<p>(42)  <a href=\"http:\/\/www.webnoviny.sk\/slovensko\/clanok\/571071-pytliaci-zabili-medveda-hrozia-im-tri-roky\/\" target=\"_blank\" rel=\"noopener\"> Pytliaci zabili medve\u010fa, hrozia im tri roky<\/a> (2012).<\/p>\n<p>(43)  <a href=\"https:\/\/ruzomberok.dnes24.sk\/riaditel-narodneho-parku-stat-nezodpoveda-za-medveda-143350\" target=\"_blank\" rel=\"noopener\"> Riadite\u013e N\u00e1rodn\u00e9ho parku: \u0160t\u00e1t nezodpoved\u00e1 za medve\u010fa!<\/a> (2012).<\/p>\n<p>(44)  <a href=\"https:\/\/www.selmy.cz\/aktuality\/rozhovor-s-erikem-balazem-pravda-o-pocte-medvedov\/\" target=\"_blank\" rel=\"noopener\"> Rozhovor s Erikem Bal\u00e1\u017eem: Pravda o po\u010dte medve\u010fov<\/a> (2012).<\/p>\n<p>(45)  <a href=\"http:\/\/www.topky.sk\/cl\/10\/1329685\/\" target=\"_blank\" rel=\"noopener\"> Situ\u00e1cia je kritick\u00e1: Medve\u010fom sa spa\u0165 nechce, bud\u00fa ich nah\u00e1\u0148a\u0165 policajti<\/a> (2012).<\/p>\n<p>(46)  <a href=\"http:\/\/www.webnoviny.sk\/slovensko\/clanok\/504673-situacia-s-medvedmi-v-tatrach-sa-ustalila-elektrina-zabrala\/\" target=\"_blank\" rel=\"noopener\"> Situ\u00e1cia s medve\u010fmi v Tatr\u00e1ch sa ust\u00e1lila, elektrina zabrala<\/a> (2012).<\/p>\n<p>(47)  <a href=\"https:\/\/bystrica.dnes24.sk\/stretu-s-medvedom-maju-zabranit-vystrazne-tabule-126967\" target=\"_blank\" rel=\"noopener\"> Stretu s medve\u010fom maj\u00fa zabr\u00e1ni\u0165 v\u00fdstra\u017en\u00e9 tabule<\/a> (2012).<\/p>\n<p>(48)  <a href=\"http:\/\/www.webnoviny.sk\/slovensko\/clanok\/557602-strielanim-medvedov-sa-porusuju-legislativne-normy\/\" target=\"_blank\" rel=\"noopener\"> Strie\u013ean\u00edm medve\u010fov sa poru\u0161uj\u00fa legislat\u00edvne normy<\/a> (2012).<\/p>\n<p>(49)  <a href=\"http:\/\/www.webnoviny.sk\/slovensko\/clanok\/509682-tatranskym-medvedom-pojde-o-kozuch-mesto-dostalo-vynimku\/\" target=\"_blank\" rel=\"noopener\"> Tatransk\u00fdm medve\u010fom p\u00f4jde o ko\u017euch, mesto dostalo v\u00fdnimku<\/a> (2012).<\/p>\n<p>(50)  <a href=\"http:\/\/www.webnoviny.sk\/veda-a-technika\/clanok\/499561-telemetria-objasnuje-sposob-zivota-medvedov\/\" target=\"_blank\" rel=\"noopener\"> Telemetria objas\u0148uje sp\u00f4sob \u017eivota medve\u010fov<\/a> (2012).<\/p>\n<p>(51)  <a href=\"https:\/\/spravy.pravda.sk\/domace\/clanok\/247954-treba-medvede-strielat-alebo-chranit\/\" target=\"_blank\" rel=\"noopener\"> Treba medvede strie\u013ea\u0165 alebo chr\u00e1ni\u0165?<\/a> (2012).<\/p>\n<p>(52)  <a href=\"https:\/\/www.aktuality.sk\/clanok\/212854\/turisti-stretli-medveda-na-pomoc-prisla-aj-policia\/\" target=\"_blank\" rel=\"noopener\"> Turisti stretli medve\u010fa, na pomoc pri\u0161la aj pol\u00edcia<\/a> (2012).<\/p>\n<p>(53)  <a href=\"https:\/\/www.dnes24.sk\/turistov-v-tatrach-ohrozuju-medvede-a-konare-130190\" target=\"_blank\" rel=\"noopener\"> Turistov v Tatr\u00e1ch ohrozuj\u00fa medvede a kon\u00e1re<\/a> (2012).<\/p>\n<p>(54)  <a href=\"https:\/\/www.dnes24.sk\/turistov-vylakal-medved-museli-ich-zachranovat-141421\" target=\"_blank\" rel=\"noopener\"> Turistov vy\u013eakal medve\u010f, museli ich zachra\u0148ova\u0165<\/a> (2012).<\/p>\n<p>(55)  <a href=\"https:\/\/ruzomberok.dnes24.sk\/uradnici-po-utoku-nahrada-nebude-zastrelte-si-medveda-139328\" target=\"_blank\" rel=\"noopener\"> \u00daradn\u00edci po \u00fatoku: N\u00e1hrada nebude, zastre\u013ete si medve\u010fa!<\/a> (2012).<\/p>\n<p>(56)  <a href=\"https:\/\/www.aktuality.sk\/clanok\/208043\/utok-medveda-napadol-lesnika\/\" target=\"_blank\" rel=\"noopener\"> \u00datok medve\u010fa! Napadol lesn\u00edka<\/a> (2012).<\/p>\n<p>(57)  <a href=\"http:\/\/www.webnoviny.sk\/slovensko\/clanok\/504708-v-malej-fatre-spocitaju-dobrovolnici-medvede\/\" target=\"_blank\" rel=\"noopener\"> V Malej Fatre spo\u010d\u00edtaj\u00fa dobrovo\u013en\u00edci medvede<\/a> (2012).<\/p>\n<p>(58)  <a href=\"http:\/\/www.topky.sk\/cl\/10\/1331623\/\" target=\"_blank\" rel=\"noopener\"> V Mal\u00fdch Karpatoch op\u00e4\u0165 stra\u0161\u00ed medve\u010f: Obyvate\u013eov varuj\u00fa rozhlasom<\/a> (2012).<\/p>\n<p>(59)  <a href=\"http:\/\/www.topky.sk\/cl\/10\/1328004\/\" target=\"_blank\" rel=\"noopener\"> V Tatr\u00e1ch hroz\u00ed n\u00e1rast \u00fatokov medve\u010fov: Policajti na nich vytiahli spreje!<\/a> (2012).<\/p>\n<p>(60)  <a href=\"http:\/\/www.topky.sk\/cl\/10\/1313002\/\" target=\"_blank\" rel=\"noopener\"> V turistickej oblasti \u00fato\u010dil medve\u010f: Lesn\u00edkovi sa zahryzol do ramena!<\/a> (2012).<\/p>\n<p>(61)  <a href=\"https:\/\/spravy.pravda.sk\/domace\/clanok\/174708-zatulany-medved-sa-nadalej-pohybuje-po-juznom-slovensku\/\" target=\"_blank\" rel=\"noopener\"> Zat\u00falan\u00fd medve\u010f sa na\u010falej pohybuje po ju\u017enom Slovensku<\/a> (2012).<\/p>\n<p>(62)  <a href=\"https:\/\/www.noviny.sk\/slovensko\/107783-zrazeny-medved-na-dialnici-z-bratislavy-do-ciech\" target=\"_blank\" rel=\"noopener\"> Zrazen\u00fd medve\u010f na dia\u013enici. Z Bratislavy do \u010ciech<\/a> (2012).<\/p>\n","protected":false},"excerpt":{"rendered":"<p>(1) Bratislava v panike: V lesoch pri hlavnom meste stra\u0161\u00ed 250-kilov\u00fd medve\u010f! (2012). (2) Bratislavsk\u00e9mu macovi hroz\u00ed odstrel: Obyvatelia s\u00fa proti (2012). (3) Bratislavsk\u00fd medve\u010f op\u00e4\u0165 na sc\u00e9ne: Pristihli ho, ako si pochutn\u00e1va na hrozne! (2012). (4) \u010cechov na t\u00fare v Slovenskom raji vy\u013eakal medve\u010f, na pomoc pri\u0161la pol\u00edcia a z\u00e1chran\u00e1ri! (2012). (5) \u010eal\u0161\u00ed medve\u010f [&hellip;]<\/p>\n","protected":false},"author":2,"featured_media":0,"parent":0,"menu_order":0,"comment_status":"closed","ping_status":"closed","template":"","meta":{"footnotes":""},"class_list":["post-63","page","type-page","status-publish","hentry"],"_links":{"self":[{"href":"https:\/\/gis.tuzvo.sk\/medvede\/index.php?rest_route=\/wp\/v2\/pages\/63","targetHints":{"allow":["GET"]}}],"collection":[{"href":"https:\/\/gis.tuzvo.sk\/medvede\/index.php?rest_route=\/wp\/v2\/pages"}],"about":[{"href":"https:\/\/gis.tuzvo.sk\/medvede\/index.php?rest_route=\/wp\/v2\/types\/page"}],"author":[{"embeddable":true,"href":"https:\/\/gis.tuzvo.sk\/medvede\/index.php?rest_route=\/wp\/v2\/users\/2"}],"replies":[{"embeddable":true,"href":"https:\/\/gis.tuzvo.sk\/medvede\/index.php?rest_route=%2Fwp%2Fv2%2Fcomments&post=63"}],"version-history":[{"count":4,"href":"https:\/\/gis.tuzvo.sk\/medvede\/index.php?rest_route=\/wp\/v2\/pages\/63\/revisions"}],"predecessor-version":[{"id":593,"href":"https:\/\/gis.tuzvo.sk\/medvede\/index.php?rest_route=\/wp\/v2\/pages\/63\/revisions\/593"}],"wp:attachment":[{"href":"https:\/\/gis.tuzvo.sk\/medvede\/index.php?rest_route=%2Fwp%2Fv2%2Fmedia&parent=63"}],"curies":[{"name":"wp","href":"https:\/\/api.w.org\/{rel}","templated":true}]}}