{"id":61,"date":"2020-12-11T05:39:59","date_gmt":"2020-12-11T05:39:59","guid":{"rendered":"http:\/\/gis.tuzvo.sk\/medvede\/?page_id=61"},"modified":"2024-01-24T11:01:16","modified_gmt":"2024-01-24T10:01:16","slug":"2013-2","status":"publish","type":"page","link":"https:\/\/gis.tuzvo.sk\/medvede\/?page_id=61","title":{"rendered":"2013"},"content":{"rendered":"<p>(1)  <a href=\"https:\/\/www.noviny.sk\/slovensko\/115615-medved-pred-autom\" target=\"_blank\" rel=\"noopener\"> AMAT\u00c9RSKY Z\u00c1ZNAM. Medve\u010f ohrozoval vodi\u010dov v N\u00e1mestove<\/a> (2013).<\/p>\n<p>(2)  <a href=\"https:\/\/myziar.sme.sk\/c\/6938346\/auto-zrazilo-na-dialnici-medveda.html\" target=\"_blank\" rel=\"noopener\"> Auto zrazilo na dia\u013enici medve\u010fa<\/a> (2013).<\/p>\n<p>(3)  <a href=\"https:\/\/www.zilinskyvecernik.sk\/clanok\/dolnotizinskeho-medveda-zastrelili-na-obzore-je-ale-dalsi\/622\/\" target=\"_blank\" rel=\"noopener\"> Dolnoti\u017einsk\u00e9ho medve\u010fa zastrelili. Na obzore je ale \u010fal\u0161\u00ed<\/a> (2013).<\/p>\n<p>(4)  <a href=\"https:\/\/www.topky.sk\/cl\/10\/1348567\/Medved-dohryzol-Dusana--Zraneny-sa-tula-Tatrami--hrozi-este-zurivejsi-utok-\" target=\"_blank\" rel=\"noopener\"> Medve\u010f dohr\u00fdzol Du\u0161ana: Zranen\u00fd sa t\u00fala Tatrami, hroz\u00ed e\u0161te z\u00farivej\u0161\u00ed \u00fatok!<\/a> (2013).<\/p>\n<p>(5)  <a href=\"https:\/\/spravy.pravda.sk\/regiony\/clanok\/279648-medved-napadol-a-dohryzol-polovnika\/\" target=\"_blank\" rel=\"noopener\"> Medve\u010f napadol a dohr\u00fdzol po\u013eovn\u00edka<\/a> (2013).<\/p>\n<p>(6)  <a href=\"https:\/\/www.hlavnespravy.sk\/sutovo-otca-s-dcerou-v-sutove-napadol-medved\/150010\" target=\"_blank\" rel=\"noopener\"> Medve\u010f napadol v \u0160\u00fatove otca s dc\u00e9rou<\/a> (2013).<\/p>\n<p>(7)  <a href=\"http:\/\/www.topky.sk\/cl\/10\/1346681\/\" target=\"_blank\" rel=\"noopener\"> Medve\u010f v\u010del\u00e1rovi vykr\u00e1da \u00fale: Budem ho pla\u0161i\u0165 petardami!<\/a> (2013).<\/p>\n<p>(8)  <a href=\"https:\/\/www.webnoviny.sk\/cestujsi\/medvede-objavuju-zapad\/\" target=\"_blank\" rel=\"noopener\"> Medvede objavuj\u00fa z\u00e1pad<\/a> (2013).<\/p>\n<p>(9)  <a href=\"https:\/\/www.echoviny.sk\/spravy\/medvede-od-jelsavy-sa-stiahli-hlbsie-do-lesa\/\" target=\"_blank\" rel=\"noopener\"> Medvede od Jel\u0161avy sa stiahli hlb\u0161ie do lesa<\/a> (2013).<\/p>\n<p>(10)  <a href=\"http:\/\/www.topky.sk\/cl\/10\/1351112\/\" target=\"_blank\" rel=\"noopener\"> Medvedia hrozba v N\u00e1mestove: VIDEO chlp\u00e1\u010da pobehuj\u00faceho po ceste!<\/a> (2013).<\/p>\n<p>(11)  <a href=\"http:\/\/www.topky.sk\/cl\/10\/1361071\/\" target=\"_blank\" rel=\"noopener\"> Mira pri mo\u010den\u00ed v lese dotrhal medve\u010f: Vy\u0161tartoval na m\u0148a, nestihol som ani kri\u010da\u0165!<\/a> (2013).<\/p>\n<p>(12)  <a href=\"http:\/\/www.topky.sk\/cl\/10\/1344378\/\" target=\"_blank\" rel=\"noopener\"> Mlad\u00edk si nat\u00e1\u010dal medvedie ml\u00e1\u010fa: Toho matka za\u00fato\u010dila na kamar\u00e1ta!<\/a> (2013).<\/p>\n<p>(13)  <a href=\"http:\/\/www.topky.sk\/cl\/10\/1348526\/\" target=\"_blank\" rel=\"noopener\"> Mu\u017ea (43) v Tatr\u00e1ch dohr\u00fdzol medve\u010f: Dokali\u010dil ho na celom tele!<\/a> (2013).<\/p>\n<p>(14)  <a href=\"https:\/\/blog.sme.sk\/hatara\/spolocnost\/o-com-brumcia-medvede-i-cast\" target=\"_blank\" rel=\"noopener\"> O \u010dom brum\u010dia medvede I.\u010das\u0165 &#8211; Vladim\u00edr Hatara &#8211; (blog.sme.sk)<\/a> (2013).<\/p>\n<p>(15)  <a href=\"https:\/\/blog.sme.sk\/hatara\/spolocnost\/o-com-brumcia-medvede-ii-cast-vyskum-a-prakticke-vychodiska\" target=\"_blank\" rel=\"noopener\"> O \u010dom brum\u010dia medvede II.\u010das\u0165 &#8211; V\u00fdskum a praktick\u00e9 v\u00fdchodisk\u00e1 &#8211; Vladim\u00edr Hatara &#8211; (blog.sme.sk)<\/a> (2013).<\/p>\n<p>(16)  <a href=\"https:\/\/spravy.pravda.sk\/regiony\/clanok\/294622-obec-sutovo-poziada-o-odstrel-medveda-ktory-napadol-otca-s-dcerou\/\" target=\"_blank\" rel=\"noopener\"> Obec \u0160\u00fatovo po\u017eiada o odstrel medve\u010fa, ktor\u00fd napadol otca s dc\u00e9rou<\/a> (2013).<\/p>\n<p>(17)  <a href=\"https:\/\/spravy.pravda.sk\/regiony\/clanok\/294511-otca-s-dcerou-v-sutove-napadol-medved\/\" target=\"_blank\" rel=\"noopener\"> Otca s dc\u00e9rou v \u0160\u00fatove napadol medve\u010f<\/a> (2013).<\/p>\n<p>(18)  <a href=\"https:\/\/www.echoviny.sk\/spravy\/pri-jelsave-sa-potuluju-medvede-jeden-nicil-vcelie-ule\/\" target=\"_blank\" rel=\"noopener\"> Pri Jel\u0161ave sa potuluj\u00fa medvede, jeden ni\u010dil v\u010delie \u00fale<\/a> (2013).<\/p>\n<p>(19)  <a href=\"https:\/\/www.wolf.sk\/sk\/pripady_konfliktov_zvierata_2013\" target=\"_blank\" rel=\"noopener\"> Pr\u00edpady konfliktov &#8211; divo\u017eij\u00face zvierat\u00e1 &#8211; rok 2013<\/a> (2013).<\/p>\n<p>(20)  <a href=\"http:\/\/www.topky.sk\/cl\/10\/1363416\/\" target=\"_blank\" rel=\"noopener\"> Rodinn\u00fa huba\u010dku preru\u0161il \u00fatok medve\u010fa: Miro chr\u00e1nil dc\u00e9rku (12) vlastn\u00fdm telom!<\/a> (2013).<\/p>\n<p>(21)  <a href=\"https:\/\/www.zilinskyvecernik.sk\/clanok\/stoji-za-zmiznutim-ovce-medved\/248\/\" target=\"_blank\" rel=\"noopener\"> Stoj\u00ed za zmiznut\u00edm ovce medve\u010f?<\/a> (2013).<\/p>\n<p>(22)  <a href=\"https:\/\/spravy.pravda.sk\/domace\/clanok\/294694-strielat-ci-nestrielat-medvede-nazory-su-rozne\/\" target=\"_blank\" rel=\"noopener\"> Strie\u013ea\u0165 \u010di nestrie\u013ea\u0165 medvede? N\u00e1zory s\u00fa r\u00f4zne<\/a> (2013).<\/p>\n<p>(23)  <a href=\"http:\/\/www.topky.sk\/cl\/10\/1351420\/\" target=\"_blank\" rel=\"noopener\"> \u00dato\u010dila z\u00fariv\u00e1 medvedica: Horehron\u010dana hr\u00fdzla a trhala len p\u00e1r metrov od obydl\u00ed!<\/a> (2013).<\/p>\n<p>(24)  <a href=\"http:\/\/www.webnoviny.sk\/slovensko\/clanok\/738151-v-tatrach-je-o-jedneho-medveda-menej-zastrelili-ho\/\" target=\"_blank\" rel=\"noopener\"> V Tatr\u00e1ch je o jedn\u00e9ho medve\u010fa menej, zastrelili ho<\/a> (2013).<\/p>\n<p>(25)  <a href=\"http:\/\/www.webnoviny.sk\/slovensko\/clanok\/647131-v-tatrach-je-vyse-sto-medvedov\/\" target=\"_blank\" rel=\"noopener\"> V Tatr\u00e1ch je vy\u0161e sto medve\u010fov<\/a> (2013).<\/p>\n<p>(26)  <a href=\"https:\/\/bystrica.dnes24.sk\/zaujimave-rozpravanie-milana-sanigu-ako-zvierata-v-prirode-bojuju-s-horucavami-159116\" target=\"_blank\" rel=\"noopener\"> Zauj\u00edmav\u00e9 rozpr\u00e1vanie Milana Sanigu: Ako zvierat\u00e1 v pr\u00edrode bojuj\u00fa s hor\u00fa\u010davami?<\/a> (2013).<\/p>\n","protected":false},"excerpt":{"rendered":"<p>(1) AMAT\u00c9RSKY Z\u00c1ZNAM. Medve\u010f ohrozoval vodi\u010dov v N\u00e1mestove (2013). (2) Auto zrazilo na dia\u013enici medve\u010fa (2013). (3) Dolnoti\u017einsk\u00e9ho medve\u010fa zastrelili. Na obzore je ale \u010fal\u0161\u00ed (2013). (4) Medve\u010f dohr\u00fdzol Du\u0161ana: Zranen\u00fd sa t\u00fala Tatrami, hroz\u00ed e\u0161te z\u00farivej\u0161\u00ed \u00fatok! (2013). (5) Medve\u010f napadol a dohr\u00fdzol po\u013eovn\u00edka (2013). (6) Medve\u010f napadol v \u0160\u00fatove otca s dc\u00e9rou (2013). [&hellip;]<\/p>\n","protected":false},"author":2,"featured_media":0,"parent":0,"menu_order":0,"comment_status":"closed","ping_status":"closed","template":"","meta":{"footnotes":""},"class_list":["post-61","page","type-page","status-publish","hentry"],"_links":{"self":[{"href":"https:\/\/gis.tuzvo.sk\/medvede\/index.php?rest_route=\/wp\/v2\/pages\/61","targetHints":{"allow":["GET"]}}],"collection":[{"href":"https:\/\/gis.tuzvo.sk\/medvede\/index.php?rest_route=\/wp\/v2\/pages"}],"about":[{"href":"https:\/\/gis.tuzvo.sk\/medvede\/index.php?rest_route=\/wp\/v2\/types\/page"}],"author":[{"embeddable":true,"href":"https:\/\/gis.tuzvo.sk\/medvede\/index.php?rest_route=\/wp\/v2\/users\/2"}],"replies":[{"embeddable":true,"href":"https:\/\/gis.tuzvo.sk\/medvede\/index.php?rest_route=%2Fwp%2Fv2%2Fcomments&post=61"}],"version-history":[{"count":5,"href":"https:\/\/gis.tuzvo.sk\/medvede\/index.php?rest_route=\/wp\/v2\/pages\/61\/revisions"}],"predecessor-version":[{"id":596,"href":"https:\/\/gis.tuzvo.sk\/medvede\/index.php?rest_route=\/wp\/v2\/pages\/61\/revisions\/596"}],"wp:attachment":[{"href":"https:\/\/gis.tuzvo.sk\/medvede\/index.php?rest_route=%2Fwp%2Fv2%2Fmedia&parent=61"}],"curies":[{"name":"wp","href":"https:\/\/api.w.org\/{rel}","templated":true}]}}