{"id":568,"date":"2022-12-04T18:24:18","date_gmt":"2022-12-04T17:24:18","guid":{"rendered":"https:\/\/gis.tuzvo.sk\/agp\/?page_id=568"},"modified":"2026-02-18T01:15:35","modified_gmt":"2026-02-18T00:15:35","slug":"3d-tlac","status":"publish","type":"page","link":"https:\/\/gis.tuzvo.sk\/?page_id=568","title":{"rendered":"3D tla\u010d"},"content":{"rendered":"\n<h2 class=\"wp-block-heading\">PLA tla\u010diare\u0148<\/h2>\n\n\n\n<h2 class=\"wp-block-heading\">Pr\u00e1\u0161kov\u00e1 tla\u010d<\/h2>\n\n\n\n<p>Tla\u010diare\u0148 postupne nan\u00e1\u0161a tenk\u00e9 vrstvy bieleho pr\u00e1\u0161ku. Tla\u010dov\u00e9 hlavy na pr\u00e1\u0161ok nanes\u00fa lepidlo. Miesta s lepidlom sa javia ako tmav\u0161ie. Ak je model farebn\u00fd, do lepidla sa prid\u00e1 farba. Nezlepen\u00fd pr\u00e1\u0161ok ost\u00e1va na mieste, kde sl\u00fa\u017ei ako opora pre in\u00e9 \u010dasti modelu. Po skon\u010den\u00ed tla\u010de sa prebyto\u010dn\u00fd pr\u00e1\u0161ok z modelu odsaje. Model na videu bol vysok\u00fd pribli\u017ene 5cm a skladal sa z 500 vrstiev. Jedna vrstva je hrub\u00e1 0,1mm. Tla\u010d cel\u00e9ho modelu trvala 5,5 hodiny.<\/p>\n\n\n<div class=\"wp-block-image is-style-default\">\n<figure class=\"aligncenter size-full is-resized\"><img loading=\"lazy\" decoding=\"async\" width=\"980\" height=\"586\" src=\"https:\/\/gis.tuzvo.sk\/wp-content\/uploads\/2022\/11\/agg_pic05.jpg\" alt=\"\" class=\"wp-image-97\" style=\"width:490px;height:293px\"\/><\/figure>\n<\/div>\n\n\n<p>Vyberanie 3D modelu z tla\u010diarne je najnap\u00ednavej\u0161ia \u010das\u0165 cel\u00e9ho procesu. Z bloku pr\u00e1\u0161ku, v ktorom bol model zasypan\u00fd, sa postupne vyn\u00e1raj\u00fa jeho \u010dasti. Prebyto\u010dn\u00fd pr\u00e1\u0161ok sa ods\u00e1va a vracia sp\u00e4\u0165 do z\u00e1sobn\u00edka. Pou\u017eit\u00edm r\u00f4znych druhov kefiek sa vy\u010distia aj z\u00e1hyby a \u0161trbiny modelu. \u010cistenie sa mus\u00ed robi\u0165 ve\u013emi opatrne, aby sa nepo\u0161kodili men\u0161ie \u010dasti ani nestrhla farba.<\/p>\n\n\n\n<p>Model sa vlo\u017e\u00ed do \u010distiacej komory. Pomocou pr\u00fadu vzduchu a mal\u00fdch kefiek sa z neho odstr\u00e1nia aj posledn\u00e9 zvy\u0161ky nezlepen\u00e9ho pr\u00e1\u0161ku. Vy\u010disten\u00fd model sa nakoniec su\u0161\u00ed v peci pri teplote 150\u00b0C.<\/p>\n","protected":false},"excerpt":{"rendered":"<p>PLA tla\u010diare\u0148 Pr\u00e1\u0161kov\u00e1 tla\u010d Tla\u010diare\u0148 postupne nan\u00e1\u0161a tenk\u00e9 vrstvy bieleho pr\u00e1\u0161ku. Tla\u010dov\u00e9 hlavy na pr\u00e1\u0161ok nanes\u00fa lepidlo. Miesta s lepidlom sa javia ako tmav\u0161ie. Ak je model farebn\u00fd, do lepidla sa prid\u00e1 farba. Nezlepen\u00fd pr\u00e1\u0161ok ost\u00e1va na mieste, kde sl\u00fa\u017ei ako opora pre in\u00e9 \u010dasti modelu. Po skon\u010den\u00ed tla\u010de sa prebyto\u010dn\u00fd pr\u00e1\u0161ok z modelu odsaje. &hellip; <\/p>\n<div class=\"link-more\"><a href=\"https:\/\/gis.tuzvo.sk\/?page_id=568\" class=\"more-link\">Read More<span class=\"screen-reader-text\"> &#8220;3D tla\u010d&#8221;<\/span><\/a><\/div>\n","protected":false},"author":2,"featured_media":0,"parent":0,"menu_order":0,"comment_status":"closed","ping_status":"closed","template":"","meta":{"footnotes":""},"class_list":["post-568","page","type-page","status-publish","hentry"],"_links":{"self":[{"href":"https:\/\/gis.tuzvo.sk\/index.php?rest_route=\/wp\/v2\/pages\/568","targetHints":{"allow":["GET"]}}],"collection":[{"href":"https:\/\/gis.tuzvo.sk\/index.php?rest_route=\/wp\/v2\/pages"}],"about":[{"href":"https:\/\/gis.tuzvo.sk\/index.php?rest_route=\/wp\/v2\/types\/page"}],"author":[{"embeddable":true,"href":"https:\/\/gis.tuzvo.sk\/index.php?rest_route=\/wp\/v2\/users\/2"}],"replies":[{"embeddable":true,"href":"https:\/\/gis.tuzvo.sk\/index.php?rest_route=%2Fwp%2Fv2%2Fcomments&post=568"}],"version-history":[{"count":7,"href":"https:\/\/gis.tuzvo.sk\/index.php?rest_route=\/wp\/v2\/pages\/568\/revisions"}],"predecessor-version":[{"id":1325,"href":"https:\/\/gis.tuzvo.sk\/index.php?rest_route=\/wp\/v2\/pages\/568\/revisions\/1325"}],"wp:attachment":[{"href":"https:\/\/gis.tuzvo.sk\/index.php?rest_route=%2Fwp%2Fv2%2Fmedia&parent=568"}],"curies":[{"name":"wp","href":"https:\/\/api.w.org\/{rel}","templated":true}]}}