{"id":40,"date":"2022-11-28T18:39:24","date_gmt":"2022-11-28T18:39:24","guid":{"rendered":"https:\/\/gis.tuzvo.sk\/agp\/?page_id=40"},"modified":"2026-02-20T15:17:29","modified_gmt":"2026-02-20T14:17:29","slug":"podujatia","status":"publish","type":"page","link":"https:\/\/gis.tuzvo.sk\/?page_id=40","title":{"rendered":"Podujatia"},"content":{"rendered":"<div class=\"wp-block-image is-style-default\">\n<figure class=\"alignright size-large is-resized\"><img decoding=\"async\" src=\"\/wp-content\/uploads\/2022\/11\/pp1020453.jpg\" alt=\"\" style=\"width:450px;height:338px\"\/><\/figure>\n<\/div>\n\n\n<p><a rel=\"noreferrer noopener\" href=\"http:\/\/gis.tuzvo.sk\/geokarto2018\/\" target=\"_blank\">GeoKARTO 2018<\/a><\/p>\n\n\n\n<p><a href=\"?page_id=802\">GIS Day<\/a>, od roku 2013<\/p>\n\n\n\n<p><a href=\"?page_id=580\" data-type=\"page\" target=\"_blank\" rel=\"noreferrer noopener\">F\u00f3rum mlad\u00fdch geoinformatikov<\/a>, 2005 &#8211; 2019<\/p>\n\n\n\n<p>Enviro-i-F\u00f3rum, 2005-2014<\/p>\n\n\n\n<p><a href=\"?page_id=930\" target=\"_blank\" rel=\"noreferrer noopener\">Revitalization and protection of ecological systems disturbed by natural disasters<\/a>, 2013<\/p>\n\n\n\n<p>Stretnutie u\u017e\u00edvate\u013eov IDRISI, 2006-2010<\/p>\n\n\n\n<p>Semin\u00e1r Nov\u00e9 formy v\u00fdu\u010dby geoinformatiky, 2005<\/p>\n\n\n\n<p>Semin\u00e1r OSS GIS, 2005<\/p>\n\n\n\n<p><a href=\"https:\/\/gis.tuzvo.sk\/?page_id=1102\" data-type=\"page\" data-id=\"1102\" target=\"_blank\" rel=\"noreferrer noopener\">Semin\u00e1r NGII a metainforma\u010dn\u00e9 syst\u00e9my, 2005<\/a><\/p>\n\n\n\n<p><br><br><br><br><br><br><br><\/p>\n","protected":false},"excerpt":{"rendered":"<p>GeoKARTO 2018 GIS Day, od roku 2013 F\u00f3rum mlad\u00fdch geoinformatikov, 2005 &#8211; 2019 Enviro-i-F\u00f3rum, 2005-2014 Revitalization and protection of ecological systems disturbed by natural disasters, 2013 Stretnutie u\u017e\u00edvate\u013eov IDRISI, 2006-2010 Semin\u00e1r Nov\u00e9 formy v\u00fdu\u010dby geoinformatiky, 2005 Semin\u00e1r OSS GIS, 2005 Semin\u00e1r NGII a metainforma\u010dn\u00e9 syst\u00e9my, 2005<\/p>\n","protected":false},"author":2,"featured_media":0,"parent":0,"menu_order":0,"comment_status":"closed","ping_status":"closed","template":"","meta":{"footnotes":""},"class_list":["post-40","page","type-page","status-publish","hentry"],"_links":{"self":[{"href":"https:\/\/gis.tuzvo.sk\/index.php?rest_route=\/wp\/v2\/pages\/40","targetHints":{"allow":["GET"]}}],"collection":[{"href":"https:\/\/gis.tuzvo.sk\/index.php?rest_route=\/wp\/v2\/pages"}],"about":[{"href":"https:\/\/gis.tuzvo.sk\/index.php?rest_route=\/wp\/v2\/types\/page"}],"author":[{"embeddable":true,"href":"https:\/\/gis.tuzvo.sk\/index.php?rest_route=\/wp\/v2\/users\/2"}],"replies":[{"embeddable":true,"href":"https:\/\/gis.tuzvo.sk\/index.php?rest_route=%2Fwp%2Fv2%2Fcomments&post=40"}],"version-history":[{"count":21,"href":"https:\/\/gis.tuzvo.sk\/index.php?rest_route=\/wp\/v2\/pages\/40\/revisions"}],"predecessor-version":[{"id":1358,"href":"https:\/\/gis.tuzvo.sk\/index.php?rest_route=\/wp\/v2\/pages\/40\/revisions\/1358"}],"wp:attachment":[{"href":"https:\/\/gis.tuzvo.sk\/index.php?rest_route=%2Fwp%2Fv2%2Fmedia&parent=40"}],"curies":[{"name":"wp","href":"https:\/\/api.w.org\/{rel}","templated":true}]}}