{"id":13,"date":"2022-11-28T16:48:54","date_gmt":"2022-11-28T16:48:54","guid":{"rendered":"https:\/\/gis.tuzvo.sk\/agp\/?page_id=13"},"modified":"2022-11-28T16:48:54","modified_gmt":"2022-11-28T16:48:54","slug":"e-learning","status":"publish","type":"page","link":"https:\/\/gis.tuzvo.sk\/?page_id=13","title":{"rendered":"e-learning"},"content":{"rendered":"\n<h2 class=\"wp-block-heading\">Kurzy GIS<\/h2>\n\n\n\n<ul class=\"wp-block-list\">\n<li><a rel=\"noreferrer noopener\" href=\"http:\/\/pkv.aspone.cz\/Temata.aspx\" target=\"_blank\">Port\u00e1l kartografick\u00e9 vizualizace<\/a><\/li>\n\n\n\n<li><a rel=\"noreferrer noopener\" href=\"http:\/\/kartografie.fsv.cvut.cz\" target=\"_blank\">Kartografie, e-learningov\u00fd port\u00e1l o tvorb\u011b map, Stavebn\u00ed fakulta, \u010cVUT Praha<\/a><\/li>\n\n\n\n<li><a rel=\"noreferrer noopener\" href=\"http:\/\/hcl.harvard.edu\/libraries\/maps\/gis\/tutorials.cfm\" target=\"_blank\">Introduction to Geographic Information Systems (GIS) Tutorial, Harvard Map Collection<\/a><\/li>\n<\/ul>\n\n\n\n<h2 class=\"wp-block-heading\">Kurzy ArcGIS spolo\u010dnosti\u00a0ESRI<\/h2>\n\n\n\n<ul class=\"wp-block-list\">\n<li><a rel=\"noreferrer noopener\" href=\"http:\/\/training.esri.com\/gateway\/index.cfm?fa=catalog.webCourseDetail&amp;courseid=2500\" target=\"_blank\">Getting Started with GIS<\/a><\/li>\n\n\n\n<li><a rel=\"noreferrer noopener\" href=\"http:\/\/training.esri.com\/gateway\/index.cfm?fa=catalog.webCourseDetail&amp;courseid=2117\" target=\"_blank\">Basics of Geographic Coordinate Systems<\/a><\/li>\n\n\n\n<li><a rel=\"noreferrer noopener\" href=\"http:\/\/training.esri.com\/gateway\/index.cfm?fa=catalog.webCourseDetail&amp;courseid=2805\" target=\"_blank\">Achieving Interoperability Using ArcGIS and OGC Standards<\/a><\/li>\n\n\n\n<li><a rel=\"noreferrer noopener\" href=\"http:\/\/training.esri.com\/gateway\/index.cfm?fa=catalog.webCourseDetail&amp;courseid=2570\" target=\"_blank\">Layout Design Essentials for ArcGIS 10.1<\/a><\/li>\n\n\n\n<li><a rel=\"noreferrer noopener\" href=\"http:\/\/training.esri.com\/gateway\/index.cfm?fa=catalog.webCourseDetail&amp;courseid=2103\" target=\"_blank\">Field GIS: Collecting and Editing Data Using ArcPad 10<\/a><\/li>\n\n\n\n<li><a rel=\"noreferrer noopener\" href=\"http:\/\/training.esri.com\/gateway\/index.cfm?fa=catalog.webCourseDetail&amp;courseid=1867\" target=\"_blank\">Managing Imagery with ArcGIS 10<\/a><\/li>\n\n\n\n<li><a rel=\"noreferrer noopener\" href=\"http:\/\/training.esri.com\/gateway\/index.cfm?fa=catalog.webCourseDetail&amp;courseid=1955\" target=\"_blank\">Using Network Analyst in ArcGIS Desktop 10<\/a><\/li>\n\n\n\n<li><a rel=\"noreferrer noopener\" href=\"http:\/\/training.esri.com\/gateway\/index.cfm?fa=catalog.webCourseDetail&amp;courseid=2673\" target=\"_blank\">Creating Smart 3D City Models with Esri CityEngine<\/a><\/li>\n\n\n\n<li><a rel=\"noreferrer noopener\" href=\"http:\/\/training.esri.com\/gateway\/index.cfm?fa=catalog.webCourseDetail&amp;courseid=2497\" target=\"_blank\">Working with Lidar Data in ArcGIS 10.1<\/a><\/li>\n\n\n\n<li><a rel=\"noreferrer noopener\" href=\"http:\/\/training.esri.com\/gateway\/index.cfm?fa=catalog.webCourseDetail&amp;courseid=2889\" target=\"_blank\">Getting Started with ArcGIS Pro<\/a><\/li>\n\n\n\n<li><a rel=\"noreferrer noopener\" href=\"http:\/\/training.esri.com\/gateway\/index.cfm?fa=catalog.webCourseDetail&amp;courseid=2890\" target=\"_blank\">Build Great Mapping Apps with the ArcGIS Runtime SDK for .NET<\/a><\/li>\n\n\n\n<li><a rel=\"noreferrer noopener\" href=\"http:\/\/training.esri.com\/gateway\/index.cfm?fa=catalog.webCourseDetail&amp;courseid=2789\" target=\"_blank\">Develop Offline Apps Using the ArcGIS Runtime SDKs<\/a><\/li>\n\n\n\n<li><a rel=\"noreferrer noopener\" href=\"http:\/\/training.esri.com\/gateway\/index.cfm?fa=catalog.webCourseDetail&amp;courseid=1965\" target=\"_blank\">Developing Add-Ins for ArcGIS Desktop 10<\/a><\/li>\n\n\n\n<li><a rel=\"noreferrer noopener\" href=\"http:\/\/training.esri.com\/gateway\/index.cfm?fa=catalog.webCourseDetail&amp;courseid=1968\" target=\"_blank\">Web Editing Using ArcGIS Server 10<\/a><\/li>\n\n\n\n<li><a rel=\"noreferrer noopener\" href=\"http:\/\/training.esri.com\/gateway\/index.cfm?fa=catalog.webCourseDetail&amp;courseid=2887\" target=\"_blank\">Get Started with Web AppBuilder for ArcGIS<\/a><\/li>\n\n\n\n<li><a rel=\"noreferrer noopener\" href=\"http:\/\/training.esri.com\/gateway\/index.cfm?fa=catalog.webCourseDetail&amp;courseid=2771\" target=\"_blank\">Time-Saving Tips for JavaScript Developers<\/a><\/li>\n\n\n\n<li><a rel=\"noreferrer noopener\" href=\"http:\/\/training.esri.com\/gateway\/index.cfm?fa=catalog.webCourseDetail&amp;courseid=2437\" target=\"_blank\">Using HTML5 with ArcGIS<\/a><\/li>\n\n\n\n<li><a rel=\"noreferrer noopener\" href=\"http:\/\/training.esri.com\/gateway\/index.cfm?fa=catalog.webCourseDetail&amp;courseid=2520\" target=\"_blank\">Python for Everyone<\/a><\/li>\n\n\n\n<li><a rel=\"noreferrer noopener\" href=\"http:\/\/training.esri.com\/gateway\/index.cfm?fa=catalog.webCourseDetail&amp;courseid=2198\" target=\"_blank\">Teaching with GIS: Introduction to Using GIS in the Classroom<\/a><\/li>\n\n\n\n<li><a rel=\"noreferrer noopener\" href=\"http:\/\/www.esri.com\/training\/main\/certification\" target=\"_blank\">ESRI Technical Certification<\/a><\/li>\n<\/ul>\n\n\n\n<h2 class=\"wp-block-heading\">Kurzy\u00a0programovania<\/h2>\n\n\n\n<ul class=\"wp-block-list\">\n<li><a rel=\"noreferrer noopener\" href=\"https:\/\/www.codecademy.com\" target=\"_blank\">CodeAcademy<\/a>: kurzy HTML, CSS, JavaScript, jQuery, PHP<\/li>\n\n\n\n<li><a rel=\"noreferrer noopener\" href=\"https:\/\/www.coursera.org\/courses?query=programming&amp;siteID=TnL5HPStwNw-RsTJ8Av5l72hpuuiIX_IIA&amp;utm_content=10&amp;utm_medium=partners&amp;utm_source=linkshare&amp;utm_campaign=TnL5HPStwNw\" target=\"_blank\">Coursesera<\/a>: platen\u00e9 aj bezplatn\u00e9 kurzy programovania<\/li>\n\n\n\n<li><a rel=\"noreferrer noopener\" href=\"https:\/\/www.edx.org\" target=\"_blank\">edX<\/a>: po\u010d\u00edta\u010dov\u00e9 kurzy MIT a Harvard University, zastre\u0161uje 60 \u0161k\u00f4l<\/li>\n\n\n\n<li><a rel=\"noreferrer noopener\" href=\"https:\/\/www.udemy.com\" target=\"_blank\">Udemy<\/a>: platen\u00e9 aj bezplatn\u00e9 video lekcie<\/li>\n\n\n\n<li><a rel=\"noreferrer noopener\" href=\"http:\/\/blog.agupieware.com\/2014\/05\/online-learning-bachelors-level.html\" target=\"_blank\">aGupieWare<\/a>: odkazy na kurzy r\u00f4znych univerz\u00edt<\/li>\n<\/ul>\n\n\n\n<h2 class=\"wp-block-heading\">Ostatn\u00e9<\/h2>\n\n\n\n<ul class=\"wp-block-list\">\n<li><a rel=\"noreferrer noopener\" href=\"http:\/\/www.w3schools.com\" target=\"_blank\">W3 Schools<\/a>: HTML, CSS, JavaScript, SQL, JQuery<\/li>\n\n\n\n<li><a rel=\"noreferrer noopener\" href=\"http:\/\/um.mendelu.cz\/maw-html\/menu.php\" target=\"_blank\">Matematick\u00e9 v\u00fdpo\u010dty online<\/a>, MENDELU CZ<\/li>\n<\/ul>\n","protected":false},"excerpt":{"rendered":"<p>Kurzy GIS Kurzy ArcGIS spolo\u010dnosti\u00a0ESRI Kurzy\u00a0programovania Ostatn\u00e9<\/p>\n","protected":false},"author":1,"featured_media":0,"parent":0,"menu_order":0,"comment_status":"closed","ping_status":"closed","template":"","meta":{"footnotes":""},"class_list":["post-13","page","type-page","status-publish","hentry"],"_links":{"self":[{"href":"https:\/\/gis.tuzvo.sk\/index.php?rest_route=\/wp\/v2\/pages\/13","targetHints":{"allow":["GET"]}}],"collection":[{"href":"https:\/\/gis.tuzvo.sk\/index.php?rest_route=\/wp\/v2\/pages"}],"about":[{"href":"https:\/\/gis.tuzvo.sk\/index.php?rest_route=\/wp\/v2\/types\/page"}],"author":[{"embeddable":true,"href":"https:\/\/gis.tuzvo.sk\/index.php?rest_route=\/wp\/v2\/users\/1"}],"replies":[{"embeddable":true,"href":"https:\/\/gis.tuzvo.sk\/index.php?rest_route=%2Fwp%2Fv2%2Fcomments&post=13"}],"version-history":[{"count":1,"href":"https:\/\/gis.tuzvo.sk\/index.php?rest_route=\/wp\/v2\/pages\/13\/revisions"}],"predecessor-version":[{"id":14,"href":"https:\/\/gis.tuzvo.sk\/index.php?rest_route=\/wp\/v2\/pages\/13\/revisions\/14"}],"wp:attachment":[{"href":"https:\/\/gis.tuzvo.sk\/index.php?rest_route=%2Fwp%2Fv2%2Fmedia&parent=13"}],"curies":[{"name":"wp","href":"https:\/\/api.w.org\/{rel}","templated":true}]}}